{"id":134,"date":"2022-03-11T10:20:10","date_gmt":"2022-03-11T09:20:10","guid":{"rendered":"http:\/\/westrelin.fr\/?page_id=134"},"modified":"2022-03-11T10:20:10","modified_gmt":"2022-03-11T09:20:10","slug":"nous-contacter","status":"publish","type":"page","link":"https:\/\/westrelin.fr\/index.php\/nous-contacter\/","title":{"rendered":"Nous contacter"},"content":{"rendered":"\n<p>18 Bd Gambetta, 30700 Uz\u00e8s<\/p>\n\n\n\n<p><a href=\"https:\/\/www.google.com\/search?q=eurl+bruno+westrelin+uz%C3%A8s+t%C3%A9l%C3%A9phone&amp;ludocid=18016025366440614889&amp;sa=X&amp;ved=2ahUKEwjP0f_9z732AhVJz4UKHXV3ATAQ6BN6BAgaEAI\">T\u00e9l\u00e9phone<\/a>\u00a0:\u00a0<a href=\"https:\/\/www.google.com\/search?q=bureau+d%27etude+westrelin+uzes&amp;ei=5wUrYs-fCMXwaNXPi7gL&amp;ved=0ahUKEwiPr8jWz732AhVFOBoKHdXnArcQ4dUDCA4&amp;uact=5&amp;oq=bureau+d%27etude+westrelin+uzes&amp;gs_lcp=Cgdnd3Mtd2l6EAM6BwgAEEcQsAM6BQgAEKIESgQIQRgASgQIRhgAUJAOWMwjYNwmaAFwAXgBgAHGCIgBwRSSAQc4LjYtMS4xmAEAoAEByAECwAEB&amp;sclient=gws-wiz#\">04 66 81 90 36<\/a><\/p>\n\n\n\n<p><\/p>\n","protected":false},"excerpt":{"rendered":"<p>18 Bd Gambetta, 30700 Uz\u00e8s T\u00e9l\u00e9phone\u00a0:\u00a004 66 81 90 36<\/p>\n","protected":false},"author":1,"featured_media":0,"parent":0,"menu_order":0,"comment_status":"closed","ping_status":"closed","template":"","meta":{"footnotes":""},"class_list":["post-134","page","type-page","status-publish","hentry"],"_links":{"self":[{"href":"https:\/\/westrelin.fr\/index.php\/wp-json\/wp\/v2\/pages\/134","targetHints":{"allow":["GET"]}}],"collection":[{"href":"https:\/\/westrelin.fr\/index.php\/wp-json\/wp\/v2\/pages"}],"about":[{"href":"https:\/\/westrelin.fr\/index.php\/wp-json\/wp\/v2\/types\/page"}],"author":[{"embeddable":true,"href":"https:\/\/westrelin.fr\/index.php\/wp-json\/wp\/v2\/users\/1"}],"replies":[{"embeddable":true,"href":"https:\/\/westrelin.fr\/index.php\/wp-json\/wp\/v2\/comments?post=134"}],"version-history":[{"count":1,"href":"https:\/\/westrelin.fr\/index.php\/wp-json\/wp\/v2\/pages\/134\/revisions"}],"predecessor-version":[{"id":135,"href":"https:\/\/westrelin.fr\/index.php\/wp-json\/wp\/v2\/pages\/134\/revisions\/135"}],"wp:attachment":[{"href":"https:\/\/westrelin.fr\/index.php\/wp-json\/wp\/v2\/media?parent=134"}],"curies":[{"name":"wp","href":"https:\/\/api.w.org\/{rel}","templated":true}]}}